hest common factor of c and 890?
10
Let g = -31 + 32. Let o be 17/68*4/g. Suppose -s + 3*s - 32 = -4*m, 2*m - 2*s = 22. What is the highest common factor of o and m?
1
Suppose -5*x = -4*r + 173, -3*r + 121 = -34*x + 39*x. What is the greatest common divisor of r and 105?
21
Let v = -764 - -782. Let l be -12*14/(-8)*6. Calculate the greatest common factor of v and l.
18
Let k(z) = 4*z - 20. Let n be k(7). Calculate the greatest common factor of 10 and n.
2
Let r(d) = -2*d**2 + 3*d + 1. Let f be r(-2). Let m = 49 + f. Let g be (126/(-7))/(2 - 4). What is the highest common divisor of g and m?
9
Let j = -726 + 804. What is the highest common divisor of j and 54?
6
Suppose 128 = 5*j - 912. Let y = -32 - -58. Calculate the highest common divisor of j and y.
26
Let x(v) = -2 + 1 - 3*v**2 + 7*v**3 + v + 2*v**2 + 0. Let c be x(1). Let j = 106 + c. What is the highest common factor of 16 and j?
16
Let f = 74 + -59. Let u be (-204)/(-10) + -2 + (-6)/f. Calculate the highest common factor of 18 and u.
18
Let j(s) = 2*s**2 + 12*s + 3. Let l(v) = -2*v**2 + 10. Let g be l(-3). Let n be j(g). Calculate the highest common factor of 5 and n.
5
Let g = -24 + 29. Suppose g*f + 5*y = 200, -5*f = y - 89 - 95. What is the greatest common factor of 24 and f?
12
Suppose -21*m + 4*m = -19380. Calculate the greatest common divisor of 57 and m.
57
Suppose -5*h - 15 = -210. Let y = 11 + -21. Let j = 3 - y. Calculate the highest common divisor of j and h.
13
Let y be (-7)/(1 + (-12)/10). Let p be (-1)/(109/(-36) + 3). Let b = 41 - p. Calculate the highest common divisor of y and b.
5
Suppose -188 = -2*f + 5*a, 18*f + 4*a = 14*f + 432. What is the greatest common divisor of f and 16?
8
Suppose -900 = 30*z - 45*z. What is the greatest common factor of 75 and z?
15
Let a = 196 + -97. Let b = a + -93. Let y be ((-8)/10)/(3/(-15)). Calculate the highest common factor of y and b.
2
Let g be 30*(2/8 + 6/8). Calculate the highest common factor of g and 20.
10
Suppose 115463 + 73033 = 56*i. What is the greatest common divisor of i and 18?
18
Suppose 6 = -11*q + 105. Suppose 4*n = 0, 2*o = -o + 3*n + 189. Calculate the greatest common factor of o and q.
9
Let q = -19 - -17. Let u be -3*3/(9/q). Suppose -4*c + 6 = -34. What is the greatest common divisor of u and c?
2
Let g = 34 - 52. Let r = -7 - g. Calculate the highest common factor of r and 11.
11
Suppose u - 7 = -0. Let v(m) = m**2 - 46*m + 56. Let w be v(46). Calculate the greatest common divisor of u and w.
7
Suppose 2*k - 4 - 20 = 0. Suppose 2*j - 432 = -2*j. Let f = 24 + j. Calculate the highest common divisor of k and f.
12
Let d be (-2)/5 - 54/(-10). Let c(s) = -21*s + 125. Let f be c(5). Calculate the highest common divisor of d and f.
5
Let c(y) = 6*y**2 - 8*y - 16. Let h(v) = 13*v**2 - 16*v - 33. Let i(q) = 5*c(q) - 2*h(q). Let g be i(7). What is the greatest common factor of g and 18?
18
Let i = 48 + -32. Suppose -6*l - i = -8*l. What is the highest common divisor of l and 1?
1
Let l be 48/2*1/2. Let o be ((-399)/l)/(6/(-24)). Suppose -2*a + 57 = a. What is the greatest common factor of o and a?
19
Let d = -276 + 281. Calculate the greatest common factor of 40 and d.
5
Suppose -12 = -4*w + 5*o, -2*o + 2 = 5*w + 20. Let s be 1 + w/(-1) + 13. Calculate the greatest common factor of s and 8.
8
Let q(d) = 595*d**2 - 4*d - 5. Let z be q(-1). What is the greatest common factor of 22 and z?
22
Suppose -5*r - 650 = -6*r - 2*w, -r - 3*w + 646 = 0. What is the highest common divisor of 7 and r?
7
Let u be -6*(-2)/15 + (-234)/(-45). What is the greatest common factor of u and 54?
6
Let q(u) = -u - 1. Let s be q(-2). Let i be 3 - 4 - s - -20. Suppose 2*m + 54 = 5*m. What is the highest common divisor of m and i?
18
Suppose -37*f = 3959 - 12247. What is the highest common divisor of 96 and f?
32
Suppose 0 = -4*j + j. Suppose 4*r = -14*r + 72. Suppose 5*u = g + 65, -2*g + r + 6 = j. Calculate the greatest common divisor of 70 and u.
14
Suppose 3*p + 6 = 3. Let w(o) = o**2 - 33*o + 12. Let d be w(33). Let i be p/((-1)/d + 0). Calculate the greatest common divisor of 12 and i.
12
Suppose 0 = 4*r + 2*w - 4, 0 = -5*w - 36 + 16. Suppose 60 = r*z - 51. Calculate the greatest common factor of 185 and z.
37
Suppose 3*d = d + 4*g + 848, -d - 2*g = -416. Calculate the highest common divisor of 60 and d.
60
Suppose 0 = 4*v + 410 - 74. Let d be v/(-8)*(-216)/(-21). Let p = -76 + d. What is the highest common factor of p and 8?
8
Let s(u) = u + 8. Let j be s(4). Let x(o) = 2*o**2 + 12. Let z be x(6). Calculate the greatest common divisor of j and z.
12
Let w be 28/6*24/16. Suppose 2*m + 5*t - 78 = w, -m + 60 = -t. What is the greatest common factor of 11 and m?
11
Suppose -3*r = 5*d - 194, -r + 139 = -3*d + 79. What is the highest common divisor of 3717 and r?
63
Let y(a) = -19*a + 1. Let o be y(-1). Suppose 10*s - 4*p - 25 = 5*s, 3*s = -5*p + 15. Let m = o - s. What is the greatest common factor of 15 and m?
15
Let h = 49 - 41. Suppose -5*u + h = b, 4*b = b - u + 38. Calculate the greatest common divisor of b and 143.
13
Let l be 40/(-24)*-1*60. Calculate the highest common factor of l and 1400.
100
Suppose 0 = -0*n - 36*n + 5220. What is the highest common factor of 58 and n?
29
Let c be 186 + 14/(-2) + -3. What is the highest common factor of c and 198?
22
Let c be 222/12 - (-2)/(-4). What is the greatest common factor of c and 18?
18
Suppose 5*n - 18 = -v, 4*v + 2*n - 6 = 4*n. Suppose 0 = v*a + 3*x - 69, -5*a = -4*a + 3*x - 23. Calculate the highest common divisor of 23 and a.
23
Suppose 3*n - 438 = 1674. What is the highest common factor of 64 and n?
64
Let h = -4 + 11. Suppose -2*v + 5*b = -41 + 6, 3*v + 3*b = 0. Suppose -v*j - 21 = -26. What is the highest common divisor of h and j?
1
Let a be (-51)/(-68)*(100/1 + 0). Calculate the greatest common divisor of a and 45.
15
Let i = -68 + 82. Calculate the greatest common divisor of i and 28.
14
Let z be 1/(-5) - (-5412)/60. Let a = 30 + -12. What is the highest common divisor of z and a?
18
Let i = 33 - 22. Suppose -23*o = -86*o + 35*o + 2772. What is the highest common divisor of o and i?
11
Let u(c) = 12*c**2 + 3*c + 2. Let f be u(-2). Suppose -30*m + 5280 = 50*m. Calculate the greatest common divisor of m and f.
22
Suppose 0 = -3*i - 2*i + 4*v - 33, 0 = 5*i - 2*v + 39. Suppose -4 = g, -69 + 9 = -4*n + 3*g. Let w = i + n. Calculate the highest common factor of w and 33.
3
Suppose 0*c - 6*c - 18 = 0. Let o = 41 - c. What is the highest common divisor of o and 11?
11
Let l(x) = 10*x + 16. Let v be l(-7). Let z = -44 - v. Calculate the highest common divisor of z and 80.
10
Let v = 2 + 3. Suppose 0 = b + 3*z + 3, -v*z = 5*b - 0*z - 25. Let x(w) = 2*w - 9. Let p be x(b). What is the highest common factor of 99 and p?
9
Suppose -49 - 263 = -12*g. What is the highest common factor of 4 and g?
2
Suppose 47*t = 11*t + 1224. Calculate the highest common factor of 1292 and t.
34
Let u be (-33)/22 + 1/2. Let m be (-6)/u - (-1 - -2). Suppose m*s + 2 = 7*s. What is the highest common divisor of 3 and s?
1
Let l be (-6)/(-4) - (-208)/32. Let q(r) = -r**3 + 9*r**2 - 9*r + 4. Let n be q(l). Let p be (n + 14/4)*-28. What is the highest common divisor of 14 and p?
14
Suppose 4*u = 2*r + 550, -4*r + 816 - 236 = 4*u. What is the highest common factor of 252 and u?
28
Let p be (-3)/(-15) + 80/(-25) - 83. Let t = p - -90. Calculate the highest common divisor of t and 14.
2
Let r(t) = -2*t + 5*t - 5 + 2*t**2 - 3*t. Let p be r(-2). Calculate the highest common divisor of 12 and p.
3
Suppose 2*m = 63 - 21. Suppose 13*w - 2*w - 462 = 0. Calculate the highest common divisor of m and w.
21
Let s(d) = 5*d - 13. Let b be s(5). Suppose 0*f - b = -6*f. Calculate the greatest common factor of f and 22.
2
Let r be 5*14/(-35) + 338. What is the highest common factor of r and 48?
48
Let h = 35 + -73. Let s be (0 - 3)*h/6. What is the highest common divisor of s and 209?
19
Let s = 6 - 2. Suppose 7 - 23 = -s*m. Suppose -m*k - 15 + 67 = 0. Calculate the greatest common factor of k and 13.
13
Let f be (-324)/30*(-10)/3. Let z = -109 + 237. Suppose -4*l + 4*g = -z, 0 = l + 3*g - 15 - 33. Calculate the highest common divisor of f and l.
36
Suppose 0 = 4*s - 16, 3*k + 3*s = 6*k + 6. What is the greatest common divisor of 18 